t d(z) = 543*z - 136. Let l be d(-22). Let q = l - -43851. Is q composite?
False
Is (144550 + 47)/(4 - 1) composite?
True
Let o = -80 + 82. Suppose j = -4*b + 4234, o*b + b = -j + 3175. Is b a composite number?
True
Let s be (-1992)/(18/12*1). Let f = -787 - s. Is f a prime number?
True
Let a be (-56)/21*36/(-16). Suppose -a*k + 7*k = 2293. Is k a prime number?
True
Is (-4)/(-3) + (-1254)/(-342) - -91488 a prime number?
True
Let f = -502 + 801. Let y = -126 + f. Suppose 0 = 4*j - y - 39. Is j prime?
True
Suppose 6174 = -1134*v + 1141*v. Suppose 5*y - 5*s = 6595, 0 = y - 3*y - 3*s + 2623. Suppose w = -r + 4*r - y, 2*r = -4*w + v. Is r a prime number?
True
Is 23/4*(-2406400)/(-282) + 4/(-6) composite?
True
Let p(t) = -t**3 - 5*t**2 + 3. Let m be p(-5). Suppose -5*i = -m*i. Suppose 3*o - y + 9462 = 6*o, i = 5*o + 4*y - 15763. Is o a composite number?
True
Let b(p) = -91*p + 14. Suppose 4*y + 4*m + 17 = -3, m = -4*y - 23. Let q be 6*15/y*1. Is b(q) composite?
True
Let m(d) = -986*d**3 + 2*d**2 + d + 2. Let s be m(-2). Let w be (-2)/(-1) + 28/14. Suppose 0 = -3*i + w*x + s - 2509, x = -i + 1805. Is i composite?
False
Suppose 5*f - 20347 - 4780 = -2*v, 0 = -5*v + 3*f + 62771. Suppose 22*i + 8329 = 2*o + 27*i, -3*o + 5*i = -v. Is o prime?
True
Let l be (6 - 5)*0/(-2 - 1). Suppose l = -2*j + 2*f + 3*f - 834, 3*f = 3*j + 1233. Let s = j - -1462. Is s prime?
False
Let x(y) = -22643*y - 5439. Is x(-26) a prime number?
True
Suppose 5*t - 12*t + 84 = 0. Is (-88)/t*(-642)/4 a composite number?
True
Let n(y) = 13*y**3 - 33*y**2 + 18*y + 131. Is n(18) a composite number?
False
Suppose 3*t = -2*y + 24461, 8163 = 5*t - 4*t - 4*y. Suppose x - 3*f = t, x - 3526 = f + 4633. Is x composite?
False
Suppose b + 4*z - 17 + 0 = 0, -54 = -2*b + 2*z. Is -5*(5 + (-90745)/b) + -5 composite?
False
Let g = -191 - -189. Is (-13)/((-429)/(-25355))*6/g composite?
True
Suppose 5*u + 11 - 109 = -2*n, 0 = -3*n - 3. Is -5 + 54516/15 - 8/u a prime number?
False
Suppose -3*b - 12 = 0, 3*b = -806*y + 804*y - 138. Let i be (64/(-6))/((-3)/45). Let o = y + i. Is o prime?
True
Let j(a) = -35*a - 57. Let w be j(-32). Suppose 2352 + w = 5*x. Is x a prime number?
True
Let y(n) = 6*n - 4. Let s(c) = c**3 - 15*c**2 + 2*c - 29. Let p be s(15). Let r be y(p). Suppose 5*i = z + 639, 4*i - 504 = -r*z + z. Is i composite?
False
Suppose 10825*j = 10835*j - 3382310. Is j a prime number?
True
Let f be ((-31)/2)/(269555/(-44924) - -6). Suppose -f - 8222 = -4*n. Is n composite?
False
Suppose 21*t - 14*t - 97468 = 0. Suppose t + 8883 = j. Is j prime?
True
Suppose -4*x + 202401 = u, -5*u + 5*x - 261142 = -1273197. Is u composite?
False
Suppose -179*m + 23817627 = -15791672. Is m a composite number?
False
Suppose 327*d + 49114863 = 354*d. Is d prime?
False
Let f = 28672 - 6095. Is f a prime number?
False
Let x be (1 + 2 - 3) + 2 + 18. Suppose 0 = -10*a + 5*a + x. Suppose -3*l - 82 = -a*l + 5*d, 0 = 4*l + 2*d - 306. Is l a composite number?
True
Let t = 26796 + -4747. Is t composite?
True
Suppose -29*x = -21*x + 72. Is 84/8*3/x*-914 prime?
False
Suppose 23*m - 30*m = -38164. Let h = m - 1128. Suppose -28*y = -24*y - h. Is y prime?
False
Suppose -13*w + 25640777 = -11954274. Is w composite?
False
Let g(n) = -5467*n + 9128. Is g(-33) composite?
True
Suppose 9*t - 5*m + 385772 = 13*t, t + 4*m = 96443. Is t prime?
True
Suppose 18*a = 41*a - 46. Suppose 5*s = -4*l + 1335 + 10492, -3*l = -a*s - 8853. Is l a prime number?
True
Let z = -161 - -166. Suppose 21873 = z*x + 4*u, -4*x + u + 0*u = -17490. Is x a composite number?
False
Let p(n) = -n**3 - 2*n**2 - 5*n - 4. Let j be p(-3). Suppose 0 = 8*v + 2*v - j. Is 124/(-12)*-9 - v composite?
True
Suppose 4*t - 1 + 17 = 0. Let b(g) = 117*g**2 - 11*g - 15. Is b(t) prime?
True
Let l be (18/30 - 0)*4870. Is (-34)/51*l/(-4) prime?
True
Let b be ((-96)/(-72))/(4/32709). Suppose -4*k = -3*q + 6553, 0 = 5*q + 6*k - 8*k - b. Is q a composite number?
False
Let t(x) = 18*x**2 + 67*x - 53. Is t(-12) composite?
True
Suppose 2*x - 9 = -21. Let t(i) = -3*i - 15. Let h be t(x). Suppose h*m = -2*m + 4*z + 6475, 2557 = 2*m + 5*z. Is m composite?
False
Let w = 83590 - -1048591. Is w composite?
True
Suppose 5*y = 5*i + 15, -27 = -i + 4*y - 9*y. Suppose 5*m + 475 = 4*v, i*v - m = -3*v + 578. Is v prime?
False
Let g(x) = -10477*x - 2. Let w be g(-1). Suppose -13*t = -w - 30267. Is t a prime number?
False
Suppose d + 7*f = 24, -5*d + d - 4*f = 0. Let o = 1533 - -1313. Is o + (2/d)/(1/6) a composite number?
False
Is (-1067425)/(-15) - 4/(-36)*-6 composite?
False
Let d(h) = 5*h - 19. Let q be d(8). Let s(m) = -9*m**2 + 12*m**3 - 13*m**2 + q*m + 7*m**3 - 18*m**3 + 7. Is s(21) a composite number?
False
Suppose 0 = -3*m + 5*f + 138466, 2*f - 138191 - 92596 = -5*m. Is m a prime number?
False
Let v(t) = 639*t - 134. Let i be v(12). Let l = i - 5285. Is l a composite number?
True
Let b(n) = 70*n + 56. Let m be b(27). Suppose -5*r - m = -5*j - 386, 0 = -5*r + 10. Is j composite?
True
Suppose 0 = -4*l + 2*d + 88, -5*l = -0*d - 3*d - 108. Let h(s) = -s**3 + 3*s - l - 1 + 18*s**2 + 12*s. Is h(17) a composite number?
True
Suppose 171 = 9*v - 387. Let h = -60 + v. Is h + (736 - (3 - 1)/(-2)) a prime number?
True
Let m = 7530 - 7535. Let q(j) = 7*j**3 + 2*j**2 - 2*j + 10. Let u be q(-7). Is -3 - (m + -4 + u) a prime number?
False
Is ((-17)/153)/(5/(-538155)) a prime number?
True
Is (-1067445)/(-33) + (-7 - 1 - 1350/(-165)) composite?
True
Let g be (5 - 538/(-8))/(4/64). Suppose 3*b + g = 7765. Is b composite?
False
Suppose -15 = -7*j + 6. Suppose j*z + 42 = 5*z. Is (2 + -48)*z/(-6) a composite number?
True
Is 2591852/8 + (-18)/(-12) prime?
False
Let l be 6/14 - 50/(-14). Suppose -n = -5*m + m + 3146, -3156 = -l*m - 4*n. Is m a prime number?
True
Let q(a) = 775*a**3 + 5*a - 3*a + 2*a. Let j be q(2). Suppose -2*z + j - 386 = 0. Is z a prime number?
False
Let f = -71329 + 138720. Is f a composite number?
False
Let i(j) = j**3 - 5*j**2 - 2*j + 16. Let c be i(8). Let l = -136 + c. Let y = l + 13. Is y a composite number?
True
Suppose 4*d + 2*w - 29921 = d, -2*d + 2*w + 19974 = 0. Is d composite?
True
Suppose 25*v = 30*v - 25. Suppose 3*w + 0*y + 6 = -3*y, v*y = -20. Suppose -g = -4*l - w*g + 739, -5*l = -5*g - 930. Is l a prime number?
False
Suppose -1728582 = -3*y - 76*j + 77*j, -3*j + 2880956 = 5*y. Is y a composite number?
False
Let d(r) = 46*r**2 + 11*r + 32. Let h be d(11). Let v = -2570 + h. Is v a composite number?
True
Let h = 2 + 2. Suppose -5*g = -h*z - 4445, 889 = -0*g + g - 4*z. Let o = g + -536. Is o composite?
False
Let q = -461 + 471. Suppose q*h = 11716 + 5694. Is h composite?
False
Let m(w) = 16*w**2 - 7*w. Let t be m(6). Suppose -459*k + 8711 = -490*k. Let o = k + t. Is o a composite number?
True
Let z(a) = 33*a**2 + 30*a**2 + 139 - 11*a - 93*a**2 + 56*a**2. Is z(16) a prime number?
True
Let v(m) = 92*m**2 - 4*m + 4. Let i be v(1). Let u = 600 + i. Suppose u = t + t. Is t a prime number?
False
Let p(v) = -72*v + 17. Let s(r) = -r - 7 - 7 - 2*r - 5*r - r**2. Let f be s(-7). Is p(f) a prime number?
True
Suppose -4*w + 4*y = -0*y - 20, -5 = w + 4*y. Suppose 2*f = -x + 7, -4*x - 5 - w = 2*f. Suppose -1971 = -f*d - 3*d. Is d a composite number?
True
Let l(x) = 9 + 11*x - 30 - 18. Let o be (176/(-64))/(2/(-8)). Is l(o) a prime number?
False
Let b(f) = -f**3 - 10*f**2 - 8*f + 6. Let h be b(-4). Let d = h - -63. Suppose 195 = d*s - 100. Is s a prime number?
True
Let l(r) = 9*r + 11. Let y(i) = 10*i + 12. Let t(n) = -6*l(n) + 5*y(n). Let c be t(-2). Suppose -417 = -b + c*v, 1249 = 3*b - 3*v - 2*v. Is b a prime number?
False
Let h be (918 + -4)/(2/3). Suppose 2*a + 3*a = 3410. Let z = h - a. Is z prime?
False
Suppose 5*s + 5*v - 489884 = 754146, -3*s + 7*v = -746428. Is s composite?
True
Is 2/(-2)*-62438*(-42)/(-12) a prime number?
False
Suppose -2*s = -4*s + 30. Suppose -9*q + 95208 = s*q. Is q prime?
True
Let y = -264 - -264. Let i(x) = -11*x + 2887. Is i(y) prime?
True
Suppose 4*r = -p + 38039, r = 5 - 4. Is p a prime number?
False
Is (-24 - -34) + (-4)/(16/(-990804)) composite?
False
Let k(v) = -v + 2. Let q be k(-1). Let i be q/12*65417 - (-2)/(-8). Suppose -4*a - 5*x = -i, 0*a = 2*a - 3*x - 8188. Is a a composite number?
False
Let l be 16*1 + 11 + -15. Is (-9)/l + 1 + 20654/8 a prime number?